{"id":154,"date":"2025-12-03T12:50:25","date_gmt":"2025-12-03T11:50:25","guid":{"rendered":"https:\/\/www.nowa.wielopolesolectwo.pl\/?page_id=154"},"modified":"2026-01-16T14:58:50","modified_gmt":"2026-01-16T13:58:50","slug":"komunikacja","status":"publish","type":"page","link":"https:\/\/www.wielopolesolectwo.pl\/index.php\/komunikacja\/","title":{"rendered":"Komunikacja"},"content":{"rendered":"<div class=\"et_pb_section_0 et_pb_section et_section_regular et_flex_section\">\n<div class=\"et_pb_row_0 et_pb_row et_flex_row preset--module--divi-row--1558413a-cabc-43ae-aee1-915e11673859\">\n<div class=\"et_pb_column_0 et_pb_column et-last-child et_flex_column et_pb_css_mix_blend_mode_passthrough et_flex_column_24_24 et_flex_column_24_24_tablet et_flex_column_24_24_phone\">\n<div class=\"et_pb_text_0 et_pb_text et_pb_bg_layout_light et_pb_module et_flex_module\"><div class=\"et_pb_text_inner\"><h3>Rozk\u0142ad jazdy MPK N. S\u0105cz autobusy nr 5 i 45 oraz Busy Rafatexu Klimk\u00f3wka -Wielopole Nowy S\u0105cz -Wielopole -Klimk\u00f3wka.<\/h3>\n<\/div><\/div>\n\n<div class=\"et_pb_text_1 et_pb_text et_pb_bg_layout_light et_pb_module et_flex_module\"><div class=\"et_pb_text_inner\"><p><!-- wp:list --><\/p>\n<ul class=\"wp-block-list\">\n<ul class=\"wp-block-list\"><!-- wp:list-item --><\/p>\n<li><strong>MPK:<\/strong> <a href=\"https:\/\/www.mpk.nowysacz.pl\/timetable-old\/line\/5\/0\" data-type=\"link\" data-id=\"https:\/\/www.mpk.nowysacz.pl\/timetable-old\/line\/5\/0\">Linia 5<\/a><\/li>\n<li><strong>MPK:<\/strong> <a href=\"https:\/\/www.mpk.nowysacz.pl\/timetable-old\/line\/45\/0\" data-type=\"link\" data-id=\"https:\/\/www.mpk.nowysacz.pl\/timetable-old\/line\/45\/0\">Linia 45<\/a><\/li>\n<li><strong>Rafatex <\/strong>: <a href=\"https:\/\/www.rafatex.pl\/edc_media\/Lite\/Item-0018\/TinyFiles\/Wola-nowy-sacz.pdf\" data-type=\"link\" data-id=\"https:\/\/www.rafatex.pl\/edc_media\/Lite\/Item-0018\/TinyFiles\/Wola-nowy-sacz.pdf\">Wola Kurowska =&gt; Klimk\u00f3wka, Ubiad, Wielopole =&gt; Nowy S\u0105cz MDA<\/a><\/li>\n<li><strong>Rafatex: <\/strong><a href=\"https:\/\/www.rafatex.pl\/edc_media\/Lite\/Item-0018\/TinyFiles\/Nowy-sacz-wola.pdf\" data-type=\"link\" data-id=\"https:\/\/www.rafatex.pl\/edc_media\/Lite\/Item-0018\/TinyFiles\/Nowy-sacz-wola.pdf\">Nowy S\u0105cz MDA =&gt; Wielopole, Ubiad, Klimk\u00f3wa =&gt; Wola Kurowska<\/a><\/li>\n<\/ul>\n<\/ul>\n<ul class=\"wp-block-list\">\n<ul class=\"wp-block-list\"><\/ul>\n<\/ul>\n<p><!-- \/wp:list-item --><\/p>\n<p><!-- \/wp:list --><\/p>\n<\/div><\/div>\n<\/div>\n<\/div>\n<\/div>","protected":false},"excerpt":{"rendered":"","protected":false},"author":1,"featured_media":0,"parent":0,"menu_order":0,"comment_status":"closed","ping_status":"closed","template":"","meta":{"footnotes":""},"class_list":["post-154","page","type-page","status-publish","hentry"],"_links":{"self":[{"href":"https:\/\/www.wielopolesolectwo.pl\/index.php\/wp-json\/wp\/v2\/pages\/154","targetHints":{"allow":["GET"]}}],"collection":[{"href":"https:\/\/www.wielopolesolectwo.pl\/index.php\/wp-json\/wp\/v2\/pages"}],"about":[{"href":"https:\/\/www.wielopolesolectwo.pl\/index.php\/wp-json\/wp\/v2\/types\/page"}],"author":[{"embeddable":true,"href":"https:\/\/www.wielopolesolectwo.pl\/index.php\/wp-json\/wp\/v2\/users\/1"}],"replies":[{"embeddable":true,"href":"https:\/\/www.wielopolesolectwo.pl\/index.php\/wp-json\/wp\/v2\/comments?post=154"}],"version-history":[{"count":3,"href":"https:\/\/www.wielopolesolectwo.pl\/index.php\/wp-json\/wp\/v2\/pages\/154\/revisions"}],"predecessor-version":[{"id":568,"href":"https:\/\/www.wielopolesolectwo.pl\/index.php\/wp-json\/wp\/v2\/pages\/154\/revisions\/568"}],"wp:attachment":[{"href":"https:\/\/www.wielopolesolectwo.pl\/index.php\/wp-json\/wp\/v2\/media?parent=154"}],"curies":[{"name":"wp","href":"https:\/\/api.w.org\/{rel}","templated":true}]}}

<div class="et_pb_section_0 et_pb_section et_section_regular et_flex_section">
<div class="et_pb_row_0 et_pb_row et_flex_row preset--module--divi-row--1558413a-cabc-43ae-aee1-915e11673859">
<div class="et_pb_column_0 et_pb_column et-last-child et_flex_column et_pb_css_mix_blend_mode_passthrough et_flex_column_24_24 et_flex_column_24_24_tablet et_flex_column_24_24_phone">
<div class="et_pb_text_0 et_pb_text et_pb_bg_layout_light et_pb_module et_flex_module"><div class="et_pb_text_inner"><h3>Rozkład jazdy MPK N. Sącz autobusy nr 5 i 45 oraz Busy Rafatexu Klimkówka -Wielopole Nowy Sącz -Wielopole -Klimkówka.</h3>
</div></div>

<div class="et_pb_text_1 et_pb_text et_pb_bg_layout_light et_pb_module et_flex_module"><div class="et_pb_text_inner"><p><!-- wp:list --></p>
<ul class="wp-block-list">
<ul class="wp-block-list"><!-- wp:list-item --></p>
<li><strong>MPK:</strong> <a href="https://www.mpk.nowysacz.pl/timetable-old/line/5/0" data-type="link" data-id="https://www.mpk.nowysacz.pl/timetable-old/line/5/0">Linia 5</a></li>
<li><strong>MPK:</strong> <a href="https://www.mpk.nowysacz.pl/timetable-old/line/45/0" data-type="link" data-id="https://www.mpk.nowysacz.pl/timetable-old/line/45/0">Linia 45</a></li>
<li><strong>Rafatex </strong>: <a href="https://www.rafatex.pl/edc_media/Lite/Item-0018/TinyFiles/Wola-nowy-sacz.pdf" data-type="link" data-id="https://www.rafatex.pl/edc_media/Lite/Item-0018/TinyFiles/Wola-nowy-sacz.pdf">Wola Kurowska =&gt; Klimkówka, Ubiad, Wielopole =&gt; Nowy Sącz MDA</a></li>
<li><strong>Rafatex: </strong><a href="https://www.rafatex.pl/edc_media/Lite/Item-0018/TinyFiles/Nowy-sacz-wola.pdf" data-type="link" data-id="https://www.rafatex.pl/edc_media/Lite/Item-0018/TinyFiles/Nowy-sacz-wola.pdf">Nowy Sącz MDA =&gt; Wielopole, Ubiad, Klimkówa =&gt; Wola Kurowska</a></li>
</ul>
</ul>
<ul class="wp-block-list">
<ul class="wp-block-list"></ul>
</ul>
<p><!-- /wp:list-item --></p>
<p><!-- /wp:list --></p>
</div></div>
</div>
</div>
</div>
